(13 - 3 - 6).
1
Evaluate 10 + -9 + 4 + 2.
7
What is the value of 3 + -4 + (6 + -6 - -3)?
2
(-32 - -30) + (1 - -7)
6
What is 2 - 0 - (1 - -10 - 5)?
-4
What is -2 + (17 - (14 + -2))?
3
What is -1 - -4 - (-2 - (-2 - -1))?
4
-5 - (-3 + 6) - (-3 - 2)
-3
Calculate 0 + (10 - (5 + -9 - -10)).
4
What is the value of -4 + 4 + 0 - 1?
-1
Evaluate 1 + 5 + -2 + -2.
2
Evaluate 1 + 2 - (7 - (4 + 1)).
1
Calculate -3 + 1 - (130 - 132).
0
Evaluate 0 + (8 - -13) - 11.
10
What is the value of (-1 - 7) + 9 + 2?
3
What is (-3 + 3 - 0) + 0?
0
What is (6 - (-4 + 0 + 15)) + -1?
-6
Calculate (9 - 1) + (21 - 26).
3
What is the value of -1 - 0 - (11 + -14)?
2
What is the value of 0 + 2 + -4 + (10 - 7)?
1
What is 7 - ((4 - 1) + 3 + -2)?
3
(1 - -2) + 1 + 2 + -3
3
What is the value of (6 - (-4 - -3)) + -3?
4
What is 19 + -19 + -1 + 2 + 3?
4
Calculate 1 + -1 + -2 + 16 + -10.
4
What is the value of (-5 + 1 - (-2 - 2)) + 4?
4
Calculate 2 + -7 - (1 - 7).
1
Calculate 8 - 11 - (5 - 7).
-1
Calculate 8 + -2 + 1 - 12.
-5
What is the value of -1 + -1 - 7 - -10?
1
What is 14 + 2 + -15 + 4?
5
Evaluate -4 - 3 - (-28 + 18).
3
Evaluate 3 - (-5 - -11 - 4).
1
What is 6 + 1 + -12 + (1 - 1)?
-5
15 + -2 + -28 + 6
-9
-2 - (0 - (3 - 6 - -6))
1
Calculate (9 - -1) + -2 + (-2 - 1).
5
What is (-4 - -4) + (-5 - (-5 - -3))?
-3
Calculate 3 + -6 + (1 - -7 - 1).
4
What is 2 + (-9 - (-1 + 4 + -7))?
-3
What is (-128 - -129) + (1 - 5)?
-3
Evaluate 9 + -5 + (0 - 3).
1
Calculate (-6 - (-7 - 5)) + -6.
0
What is (2 + 3 - -1) + -3?
3
Evaluate -2 + -4 - (-2 + 1 + -2).
-3
4 + (-1 - 2 - -3)
4
7 + 0 + -6 + (0 - 0)
1
Evaluate 6 - (7 + (-4 - (2 - 2))).
3
What is the value of 4 + -3 + -2 + -1 + 6?
4
Calculate -4 - (11 - 3 - 10).
-2
9 - (3 - (-2 - -2))
6
What is -3 + (2 + -2 - 0)?
-3
Calculate 28 + -29 - (1 - (1 + 0)).
-1
-1 + -7 + (1 + -6 - -12)
-1
4 - ((12 - -4) + 14 + -22)
-4
What is the value of -1 - 0 - 2 - (88 - 93)?
2
Evaluate 11 + (-6 - -7 - 6).
6
What is 1 - (-2 + (-2 - -2) + 1)?
2
Calculate -4 + -3 + 5 + -3 + 0.
-5
What is the value of 7 + (-1 + -1 - -1 - 2)?
4
Evaluate (2 - (-3 - -2)) + -1 - 4.
-2
Calculate 1 + (3 - 1 - 0).
3
4 + -1 - (4 + -4 + 1)
2
What is 12 + -9 + 10 - 3?
10
What is the value of (-150 - -148) + -1 + -1 + 5?
1
What is 0 + -6 + 7 - -2?
3
Evaluate 1 - (5 - (3 - 3) - 7).
3
What is 9 - (6 - -1) - 1?
1
Evaluate (-3 - -3) + (-10 - -16 - 12).
-6
What is the value of (0 - 13 - 0) + (48 - 43)?
-8
What is -4 + -1 + 3 + 0?
-2
What is the value of 0 + -8 - (-59 + 57)?
-6
Evaluate 8 - ((12 - 4) + -4).
4
Calculate (-5 - -5) + (-1 - -2 - -2).
3
What is -1 + 2 + 1 + 3 + -2?
3
Calculate -7 - 0 - ((7 - 3) + -6).
-5
(-2 - (-11 + 7)) + (-1 - 1)
0
-5 - (-3 + 3 - 0)
-5
What is the value of 1 + (-6 - (0 - 3)) - -1?
-1
What is the value of (-1 - 8) + (1 - (-3 - 0))?
-5
Calculate 9 - 3 - (7 + 4).
-5
Calculate 1 - -6 - 2 - (5 + 2).
-2
Evaluate -9 + 4 - (2 - (1 + 2)).
-4
Calculate -12 - (-2 + -7) - 1.
-4
Calculate 4 + (-4 - (5 - 14) - 5).
4
1 + -9 + 3 + (-2 - -2)
-5
-4 + (14 - (8 + 2 + -5))
5
What is the value of (1 + 5 - 1) + 2 + -9?
-2
Evaluate 6 + 2 + -9 - -2.
1
What is (14 - 8) + -9 + 5?
2
5 - 9 - (0 - 0)
-4
What is (27 - 25) + (1 - 0)?
3
Calculate (0 - 6) + (-13 - -15).
-4
What is the value of 7 + -13 + (-1 - 1 - -3)?
-5
Evaluate 1 + -1 - (2 + (-7 - -2)).
3
What is the value of -5 + -2 + -2 + -2 + 7?
-4
Calculate 1 + 3 - 8 - (2 + 4).
-10
2 + 0 - (-3 + 3 - -1)
1
What is the value of -4 + (-3 - (-9 + 4))?
-2
Evaluate -12 + 9 + -1 + -4 + 3.
-5
Evaluate 0 + 10 - (10 - 5).
5
What is the value of -5 + -2 - (45 + -53)?
1
-3 + 3 + (0 - (3 - 1))
-2
Calculate 12 + -2 - 21 - -18.
7
Calculate 6 + 0 - (0 + 7).
-1
Calculate (-1 - (-5 + -2)) + 3 + -4.
5
Calculate 0 + -4 + 0 + -2.
-6
Evaluate 2 + -1 + 8 + (-2 - 2).
5
-6 + 3 + -6 + 4
-5
-3 + (8 - 4) - -9 - 6
4
Evaluate -5 - (-11 + 1 - 0).
5
What is the value of -1 - (-6 + -1 + 3)?
3
Evaluate (-2 + -1 - (26 + -24)) + 8.
3
What is 2 + -9 + (-4 - -19)?
8
What is the value of 8 - (-6 - (-15 - -5))?
4
-3 + 6 + -4 + 4 + -5
-2
Evaluate 2 + -2 + 4 + 0 + 0.
4
-8 + 8 + 6 + -4
2
-2 + 6 + -4 + 4 + 1
5
Calculate -3 - -3 - -15 - 10.
5
What is the value of -4 - ((0 + 0 - -2) + -1)?
-5
Evaluate -8 + (4 - (1 - (1 + -1))).
-5
Evaluate 2 + 0 - 1 - (-14 - -10).
5
Evaluate (-2 - 1) + -3 + (4 - -1).
-1
Calculate -7 + 3 + 0 + 6 + -2.
0
Evaluate (2 - -3) + -9 + 0 + 2.
-2
Calculate -14 - (-5 + -2) - -5.
-2
-3 - -4 - -4 - 10
-5
Evaluate 2 + -2 - (3 + -2 + 3).
-4
Evaluate 2 + 0 + 1 - (-3 - -4).
2
What is 3 + (-2 - -1 - (-50 - -56))?
-4
Evaluate (6 - 7) + -5 + 10 - 2.
2
Evaluate 8 + (5 - 8) + -5 + 0.
0
Evaluate 1 + -5 - (-1 + (-6 - -1)).
2
What is 1 + -6 + (-24 - -25)?
-4
What is the value of (4 - (-2 + 4 + 2)) + -6?
-6
Calculate 6 + -4 + -3 - 0.
-1
3 + (-7 - (3 + -2 - 2))
-3
What is the value of 0 - (2 - -1 - 5)?
2
What is 8 + -8 + (9 - 2)?
7
Calculate 12 + -16 + (1 + 5 - -1).
3
-4 + 2 - (66 + -66)
-2
What is 1 - -2 - 9 - -8?
2
What is 6 + -3 - (2 + (3 - 3))?
1
What is 3 + -4 + 2 + 3?
4
What is 1 + -5 + -32 + 42?
6
What is (7 - 10) + (2 - -1)?
0
Evaluate -1 - (1 + -3 + (1 - 2)).
2
(0 - 5) + -5 + 9
-1
2 - (-4 - -9) - (4 + -3)
-4
What is 10 + (12 - 23) - (-1 + -2)?
2
Evaluate (-5 - (-6 + -4)) + 0 + -5.
0
Calculate -1 + (2 - 6) - -2.
-3
Calculate 3 - (1 + (-6 - (4 - 18))).
-6
Calculate -4 - (8 + (-17 - -9)).
-4
Evaluate 3 + -12 - (2 - 5).
-6
Calculate 10 + -12 - (4 + -2 - 4).
0
-1 - (-1 + -3 + 9 + -3)
-3
(1 - 2 - 2) + 6
3
What is the value of 0 - ((2 - -3) + -3)?
-2
Calculate 17 - 17 - (0 + 5).
-5
5 + (1 - (0 + -4 + 10))
0
-8 + (2 - (9 - 6)) + 6
-3
0 - -4 - (77 - 69)
-4
-5 + (8 + -2 + 2 - 6)
-3
Evaluate -2 + 12 + -10 + 3.
3
33 + -32 + (0 - 1)
0
What is the value of 3 - (0 + (0 - -3) + -4)?
4
Calculate 0 - 3 - (-2 + -3) - 7.
-5
What is the value of (0 - -2) + (5 - (1 - 2))?
8
2 - 2 - (-1 - (-2 - -1))
0
What is -38 + 32 + (0 - -9)?
3
Calculate -4 - 3 - (3 + (2 - 6)).
-6
Evaluate -2 - (-17 + 8 - -4).
3
What is the value of -1 + (-5 - -1) - -2?
-3
What is (1 + 8 - (-2 + 7)) + 0?
4
-7 + (10 - 3) + -4
-4
What is (1 - -5 - (39 - 38)) + 2?
7
What is (6 - -1 - 19) + 5?
-7
What is the value of 1 + (-1 - 1) + 2?
1
(-6 - (-6 + 1)) + 6
5
What is the value of 0 + -4 + -1 + -1 + 4?
-2
-5 - -6 - (0 + -3)
4
Calculate -217 + 227 + (-2 - -1).
9
Calculate (-14 + 5 - -6) + 8.
5
Calculate -11 - (8 + -8) - -15.
4
-2 + 6 + -8 + 4
0
Evaluate (-1 - 3) + (-7 + 5 - 0).
-6
(-9 - (-2 - 2) - -4) + -1
-2
What is (-8 - -3) + (-8 - -7)?
-6
What is -2 + (3 - 4) + (0 - -2)?
-1
Calculate 0 + 2 - (-3 + -1 + 0).
6
What is 2 - ((14 - 1 - 6) + -8)?
3
Evaluate 5 + (21 + -23 - (1 - 1)).
3
Calculate -1 + (10 + -7 - (1 - -1)).
0
What is the value of 1 + -4 - (31 - 38)?
4
Calculate 0 - -3 - 4 - -4.
3
What is 3 - 3 - (7 + -2)?
-5
Evaluate (-9 - 1) + (3 - -1) + 7.
1
Calculate -3 - (1 + 2) - -4.
-2
Evaluate (-5 - -1) + (4 - 0) + 5.
5
What is the value of 97 - 100 - (1 + 4 + -2)?
-6
What is the value of -3 - ((0 - 7) + (17 - 13))?
0
Evaluate 12 - (19 + -12 + 10).
-5
4 + (2 + (5 - 2) - 8)
1
-17 - -10 - 4 - -19
8
(-4 - -1) + (3 - 1) - -4
3
What is the value of -4 + (9 - (2 + -1))?
4
What is 0 + 5 - (64 + -61)?
2
-6 - (6 + -10) - (5 + -2)
-5
What is 3 + (-3 - 4) + (2 - -2)?
0
What is the value of -1 - (18 + -9 - 16)?
6
What is 4 - (4 - 3) - (-1 - 1)?
5
-12 - (-6 - 2) - -8
4
Evaluate 5 + -2 - ((2 - 2) + 0).
3
(-1 + 5 - 3) + 1
2
What is the value of -17 + 12 - (1 + -1)?
-5
What is 2 + (2 - -3) + -6 + 0?
1
What is (-2 - 0) + 4 + -5?
-3
Evaluate 4 + (-8 - 0) + 1 + 2.
-1
Calculate 2 - ((-5 - -6) + 3).
-2
Evaluate -7 + 9 - (1 - 2).
3
What is the value of 3 + -6 - (7 + -6)?
-4
Evaluate -1 + -2 + (2 - 1) + -2.
-4
Evaluate -8 + 11 - ((0 - -2) + 5).
-4
Evaluate -14 + 12 + (0 - 2).
-4
Calculate (-6 - -4) + (0 - -4 - 2).
0
What is the value of 0 + 3 - (10 - 7 - 2)?
2
Evaluate -75 + 71 - ((0 - 3) + 0).
-1
Evaluate 0 + 4 - (1 - -1).
2
Calculate -41 + 48 + 2 + -4.
5
Evaluate 3 - (-4 + (1 + 0 - -7)).
-1
Evaluate 5 + (-5 - -1) - (1 - 0).
0
Calculate -2 + -7 + (6 - (-6 + 10)).
-7
3 + -1 - 7 - 0
-5
Calculate 0 + -5 + 1 - -8.
4
What is the value of (4 - 4) + (4 - 2)?
2
(-1 - 0) + -14 + 19
4
What is (-3 - -1 - 0 - -2) + 1?
1
What is the value of 0 - (2 + 5 + -5)?
-2
Evaluate 1 - (6 + -1) - -1.
-3
What is the value of 73 + -74 + (1 - (0 - -1))?
-1
Calculate -4 + (-5 - (-4 - 0))